st common divisor of 8 and a?
8
Suppose -24 = 12*y - 6*y. Let r be (-17 - -18)/((y + 2)/2). Let q be (405/(-108))/(r - 3/(-4)). What is the highest common factor of q and 30?
15
Let k(o) = 3*o**2 - 16*o + 6. Let d be k(5). Let z be (-37 - -38)*(d + 64). What is the greatest common factor of 195 and z?
65
Suppose -209 = -8*n + 143. Calculate the highest common factor of 164 and n.
4
Suppose 0 = 3*r - 2*w - 62, -9*r + 10*r - 2*w - 26 = 0. Suppose -r*t + 45 = -13*t. Calculate the highest common factor of 12 and t.
3
Let d = 3160 - 2980. Calculate the highest common divisor of d and 213.
3
Suppose -4*q - 4*q = -24. Let n be -1*-1*(-3 - -3). Suppose -q*b - 12 = n, 4*b + 22 = 4*k - 6. Calculate the greatest common factor of k and 30.
3
Let r = -15868 - -15876. Let c = -334 - -558. Let i = c + -144. What is the greatest common factor of i and r?
8
Suppose 0 = -2*x - 3*d + 756, 5*x - 2045 = 5*d - 155. What is the greatest common divisor of x and 9?
9
Suppose -7363*d + 7362*d = -24. Calculate the highest common factor of 2748 and d.
12
Let q be (-2)/(-14) - 228/(-266). Let d be -266*(-3)/q + 23 + -21. What is the highest common divisor of 16 and d?
16
Let i(d) = -d**2 + 166*d + 73. Let y be i(154). What is the greatest common divisor of 17 and y?
17
Let o = 18 - 82. Let m = o + 78. Suppose -m*p + 118 + 134 = 0. What is the highest common divisor of p and 2?
2
Let z(r) = 161*r + 4139. Let t be z(-25). Calculate the highest common divisor of t and 15618.
114
Suppose 0 = -5*l + 20, v - l - 1 - 7 = 0. Suppose -3*f - 63*y = -60*y - 180, -300 = -5*f - 3*y. What is the greatest common factor of v and f?
12
Suppose -886 = -2*d + w, -267*d + w + 1327 = -264*d. Calculate the highest common factor of d and 252.
63
Let o = -271 + 383. Suppose -41*k = -34*k - o. Let m = 0 - -24. What is the highest common factor of m and k?
8
Suppose -3*o - 2*w - 212 = -772, -5*o + 2*w = -944. Calculate the highest common factor of o and 470.
94
Let v be (-15)/2*1102/(-435)*36. What is the greatest common divisor of v and 492?
12
Let v = 347 - 194. Let d = -187 + 196. What is the highest common divisor of d and v?
9
Let z(i) = i**2 + 4*i - 4. Let x be z(6). Let d be (-1 + 36/6)*(10 - (-1 - -4)). Calculate the highest common divisor of d and x.
7
Let y = 8 - -10. Suppose -4*q + y = -3*q. Suppose 62*d - q = 61*d. What is the greatest common factor of 9 and d?
9
Suppose 12*p = 337 + 335. Let s(i) = -i**3 + 9*i**2 - 6*i - 4. Let w be s(8). Calculate the highest common divisor of w and p.
4
Suppose 25*c - 148 = -210 + 162. What is the highest common divisor of c and 8276?
4
Let h be (9/(-6))/(411/(-22468)). Calculate the greatest common divisor of 328 and h.
82
Let l = -2399 - -5097. What is the greatest common factor of l and 284?
142
Let l be 190/45 + 4/(-18) - (-154350)/6. Calculate the greatest common factor of l and 11.
11
Let w(o) = o - 31. Let l be w(-9). Let f be 194/2 + 37 + l. What is the highest common divisor of f and 141?
47
Let g be 400/(-48) + 11 + 15202/3. What is the greatest common factor of 30 and g?
30
Suppose 45*d + 3740 = 4*a + 41*d, 5*a - 2*d = 4660. Calculate the highest common factor of a and 150.
30
Let o = 3 - -24. Let k = 71 - o. Let q be 66/(8/(128/6)). Calculate the greatest common divisor of k and q.
44
Let h be (3/(-6))/(3/72). Let u = 541 + -548. Let n = u - h. What is the highest common factor of n and 5?
5
Let i(k) be the second derivative of 2*k**4/3 + k**3/6 + 2*k**2 - k + 49. Let f be i(-6). What is the greatest common factor of 26 and f?
26
Let w = 7281 - 3515. What is the greatest common divisor of 28 and w?
14
Suppose 22*h = -2764 - 2758. Let w = h - -349. Suppose -8*y + 70 = -3*y. Calculate the highest common factor of y and w.
14
Let p(h) = 9*h**2 + 3*h. Let j be p(-3). Let x = j - 59. Let k be x - -3 - (-4 - -5). What is the greatest common divisor of 135 and k?
15
Let n = 97 - 69. Let m be -7*(-1 + (-212)/n). Suppose -5*h = -9*h, 0 = 4*b + 4*h - 144. What is the highest common factor of b and m?
12
Let n be (11/2)/((-3)/(-18)). Let l be (-11)/n - 20/(-6). Let q(c) = -31*c - 97. Let o be q(-4). What is the greatest common factor of o and l?
3
Let n(p) = -15*p + 91. Let y be n(6). Let q be 60 + 6 + (1 - -3*y). Suppose -4*i = -2*i - 56. Calculate the highest common divisor of i and q.
14
Let h be (-2)/((-18)/2 - 174109/(-19352)). Calculate the highest common divisor of h and 4100.
164
Suppose 6*w - 1144 = 458. Let r = w + 19. Let b(n) = 26*n**3. Let v be b(1). Calculate the greatest common divisor of r and v.
26
Let d be ((-7)/((-105)/(-18)))/(2/(-90)). Let w(b) = 9*b**2 + 3*b + 10. Let k be w(3). Suppose -2*z - 28 = -k. Calculate the highest common factor of z and d.
18
Let x(z) = 493*z + 7995. Let j be x(-13). Calculate the greatest common divisor of j and 3782.
122
Let w be 11/(-22)*-176 + -12. What is the greatest common divisor of 646 and w?
38
Let f(w) = 3*w - 27. Let l be f(9). Let r(v) = v**3 - 3*v**2 + 2*v + 36. Let p be r(l). What is the highest common factor of p and 96?
12
Suppose 2*t - 96 = -3*u, -4*u = -5*t + 4*t - 139. Suppose 0 = -59*j + 42*j + 289. What is the greatest common divisor of j and u?
17
Let q = 83 + -80. Suppose -q*k + 3*p - 2*p = -28, 0 = -p - 1. Calculate the highest common factor of 9 and k.
9
Let j(h) be the third derivative of 34*h**5/15 + h**4/2 - 4*h**3 - 2*h**2 + 29. Let a be j(2). What is the highest common factor of a and 32?
32
Let r(h) = -h**3 - h**2 + 2*h. Let z be r(-3). Suppose -3*p + 591 = 4*k, -2*k + 6*p = 11*p - 313. What is the greatest common factor of z and k?
12
Suppose -3*m - 12 = -15*d + 13*d, 11 = d - 4*m. What is the greatest common factor of 843 and d?
3
Let g = -153 + 189. Suppose 3*s - 2*s - 1116 = 0. Calculate the greatest common factor of s and g.
36
Suppose -4*n = -4*f + f + 152, -40 = -f + 4*n. Suppose 0 = -5*l - 20*x + 19*x + 70, 14 = l - 4*x. What is the greatest common factor of l and f?
14
Let s be (567/72 + -7)*32. What is the highest common factor of 917 and s?
7
Let b be 4*(-43)/6*-3. Suppose 2*g - u = 771, -19*g + 15*g + 4*u + 1536 = 0. What is the greatest common factor of b and g?
43
Suppose -4*b + 6*n - 2*n + 156 = 0, 5*b = 4*n + 196. Let u be 45*22/(-33)*(7 - (-530)/(-30)). Calculate the greatest common divisor of b and u.
40
Let a = 3989 + -3901. Calculate the greatest common factor of 4268 and a.
44
Let p(d) = d**2 + 195*d - 589. Let s be p(3). What is the highest common factor of s and 67?
1
Let l(q) = -53*q + 980. Let w be l(5). Let i be (-26 + 0)/(7/((-210)/12)). Calculate the highest common divisor of w and i.
65
Suppose 23*y = 19*y. Suppose 5*m + 4*w - 419 - 161 = y, 0 = -m - 2*w + 122. Let r = 61 - 33. Calculate the greatest common divisor of m and r.
28
Let g(r) = r**3 + 7*r**2 + r + 4. Let u be g(-7). Let f(h) = -h**3 + 5*h**2 - 11. Let o be f(u). Calculate the highest common divisor of 488 and o.
61
Let r(d) = -65*d + 3917. Let y be r(57). Calculate the greatest common factor of y and 10494.
106
Let i be 183/(9 + 310/(-35)). Suppose 0 = -47*x + 46*x + i. Calculate the highest common divisor of 21 and x.
21
Suppose -87*l - a - 131344 = -91*l, a = -2*l + 65666. Calculate the greatest common factor of l and 165.
165
Let h(a) = a**3 + 16*a**2 + 3*a - 32. Let k be h(-11). Suppose 10*m = -8*m + k. Calculate the greatest common divisor of 20 and m.
10
Suppose 5*w - 2*w = 6. Suppose 359 = -2*j + 259. Let b be 1*(j/(-5) - 2). Calculate the greatest common divisor of w and b.
2
Let d(w) = 35*w**3 + w**2 - 5*w + 3. Let q be d(1). What is the greatest common divisor of 1394 and q?
34
Let d = 549 + -533. Calculate the highest common factor of 6144 and d.
16
Suppose -509 = -3*x + 331. Let u = -115 + x. Let n(i) = -2*i**2 - 18*i - 1. Let w be n(-1). What is the highest common divisor of u and w?
15
Let s(i) = -i**3 + 22*i**2 + 77*i - 126. Let u be s(22). What is the greatest common factor of 147 and u?
49
Let m(a) = -8*a**3 - a + 3. Let u be m(5). Let n be (-18)/72 + u/(-8). Calculate the greatest common factor of 25 and n.
25
Let k(d) be the third derivative of -d**6/120 + d**5/10 - 7*d**4/12 + 16*d**3 - 22*d**2 + 2. Let t be k(5). Calculate the highest common factor of 6 and t.
3
Let x(c) = -542*c + 274*c + 270*c - 37. Let n be x(19). Calculate the highest common diviso